29
Let a(t) = -2*t**3 - 16*t**2 + 5*t + 16. Let n(j) = 3*j**3 + 31*j**2 - 10*j - 32. Let h(x) = 5*a(x) + 3*n(x). What are the prime factors of h(12)?
2, 17
Suppose 5*r - 12 = z, 3*z + 0 = 4*r - 3. Suppose 15 = 5*j, 4*j + 0*j = -3*w + 381. List the prime factors of -1 + w/(0 + z).
2, 5
Let i = -323 - -559. What are the prime factors of i?
2, 59
Let z be 3/(-2)*(-72)/27. Let y = 3 - -59. Suppose 0 = -5*o + 1 - 6, -2*a + z*o + y = 0. What are the prime factors of a?
29
Let t(d) = -5*d**2 - 10*d + 17. Let p be t(7). Let s = p - -507. List the prime factors of s.
11, 19
Let u(b) = -b**2 - b. Let t be u(-2). Let s(j) be the first derivative of j**4/4 + j**3 - j**2/2 + 2*j - 1. What are the prime factors of s(t)?
2
Suppose -4*t - t = -30. Suppose 9*r - 222 = t*r. List the prime factors of r.
2, 37
Let x(v) = 8*v - 2. Suppose h - 56 = -5*z + 4*h, -16 = -z - h. Suppose -3*u + z = o, -u = 5*o + 3*u - 43. List the prime factors of x(o).
2, 3
Let s = -68 - -53. List the prime factors of 3/s - 1844/(-20).
2, 23
Suppose 4*q = -2*b + 476, 0 = -5*q + 4*b - 3*b + 581. Let o = q - 13. List the prime factors of o.
2, 13
Let b(h) = h**3 + 8*h**2 + 2*h. Suppose p - 32 = 5*d, 2*d = 5*d + 2*p + 14. Let q be b(d). Let t = q + -37. List the prime factors of t.
23
Let v = -733 + 1339. Suppose -160 = 2*j - v. List the prime factors of j.
223
List the prime factors of ((-10)/8)/((-6)/(-24)) - -339.
2, 167
Suppose 4*j - 3182 = 2*n + 3084, -j = 5*n - 1583. What are the prime factors of j?
2, 7
List the prime factors of (-4112)/18*(-33)/(-44)*-3.
2, 257
Suppose 4570 = 2*c - 2*n, -3*c + 0*c + 5*n = -6849. List the prime factors of c.
2, 11, 13
List the prime factors of 3 - -7 - (-1419 - 6).
5, 7, 41
Let b(r) = -14*r + 4. Let z be b(-3). Let g = -72 + 48. Let u = g + z. List the prime factors of u.
2, 11
Suppose 0 = -32*n + 2690 + 89118. What are the prime factors of n?
19, 151
Let k = -12 + 10. Let b = 5 + k. What are the prime factors of (-2 - (-16 - -1)) + b?
2
Let s = 169 + 141. What are the prime factors of s?
2, 5, 31
Suppose -20*m + 13552 = 5*z - 17*m, 3*z = 3*m + 8112. What are the prime factors of z?
2, 677
Suppose 4*c = -1390 + 3862. What are the prime factors of c?
2, 3, 103
Let r(j) = 9*j**2 - j + 5. Let b(t) = t**3 + 4*t**2 - t - 7. Let i be b(-4). List the prime factors of r(i).
89
Let z(i) = -i**2 - 13*i - 33. Let h be z(-9). Let d = 7 - 2. Suppose h*c - d*c = -40. What are the prime factors of c?
2, 5
Let k(j) = 321*j + 371. List the prime factors of k(7).
2, 7, 11, 17
Let b(h) = 125*h + 21. Let a(m) = -25*m - 4. Let d(f) = -11*a(f) - 2*b(f). Let n be d(2). Suppose -2*k = -6*k + n. What are the prime factors of k?
13
Let d(b) = 9*b + 7. Suppose -4*l + 6*l - 8 = 0. What are the prime factors of d(l)?
43
Suppose -z + 2*z + 2 = 0, -5*v = z - 3. List the prime factors of (v/3)/(15/2385).
53
Suppose 0 = -6*c + 394 + 104. Let i = 110 + c. What are the prime factors of i?
193
What are the prime factors of (1 - -3230)*((-15)/45)/(-1)?
3, 359
Suppose 3*d - 16 = d. Suppose 0*b + 352 = d*b. Let o = -17 + b. What are the prime factors of o?
3
Suppose -5*w - 3*a + 262 = 0, 2*a + 3 = 1. Let r(m) = -m**3 + 3*m**2 + 5*m + 2. Let i be r(5). Let t = w + i. What are the prime factors of t?
2, 3, 5
Let o(z) = z**2 + z - 9. Let g be 2 + 0 - (-3 + 9). Let c be o(g). What are the prime factors of c*(14 - -3 - -4)?
3, 7
Let z be (-6)/(-7)*(-35)/(-10). Suppose a - 5*t = 3*a + 1, 0 = 3*a + 5*t - 6. Suppose z*x = a*x - 64. List the prime factors of x.
2
Suppose 7*v - 100 = 2*v. Suppose -5*b + 0*b = -v. Suppose 0*u - 3*u - 117 = -5*h, 3*h + b*u = 47. List the prime factors of h.
3, 7
Let w(x) = x**2 + x - 3. Let d be w(2). Let j be d - -2*115/10. Suppose j = -4*m + 230. What are the prime factors of m?
3, 17
Let w(p) = -p**2 + 6*p - 6. Let x be w(4). Suppose x*i - 17 - 31 = 0. Suppose -v + 0*v = -i. What are the prime factors of v?
2, 3
Suppose 3*n + q + 14 = 0, 0 = -5*n - 2*q - q - 30. Let d be 2/4*(n - -7). Suppose -5 = -d*o + 1, -2*r + 13 = -o. List the prime factors of r.
2
Let m be (3 + -2)/((-1)/31). Let n = m + 31. Let b = 48 - n. List the prime factors of b.
2, 3
Suppose 4124 = 17*i - 670. List the prime factors of i.
2, 3, 47
Let g = -4 + -12. What are the prime factors of (-72)/(-7) - g/(-56)?
2, 5
Suppose 63 = 3*s + 5*l - 128, 5*l = s - 97. List the prime factors of s.
2, 3
Suppose -3*k + 6 = 0, -4 = -5*d + 2*d + k. Let o = d + 42. Suppose -o = -v - 6. List the prime factors of v.
2, 19
Let j be 0 + 0 + 2 - -3. Suppose 6 = j*c + 16. What are the prime factors of (-3)/(-1*c/(-18))?
3
Suppose 2*g - 3 = i - 1, 2*i - 5*g = -9. Let c = -23 + i. Let d = 57 + c. What are the prime factors of d?
2, 3, 7
Let x(i) be the third derivative of -i**5/60 + 3*i**4/4 + 23*i**3/6 - 3*i**2. What are the prime factors of x(16)?
5, 11
Let k be (8/(-52) - 177/117)*-3. Suppose 0 = 4*o - 20, -5*o + 3*o + 580 = k*a. List the prime factors of a.
2, 3, 19
Let l(u) = 10*u + 8. Let g(m) = m**2 - 8*m + 2. Let i be g(8). Let f be 4*(-3 + i + 2). List the prime factors of l(f).
2, 3
Suppose -2*x = 3*c - 173, 2*x = 2*c + 3*x - 117. Suppose -c = -2*f + 3*v, f + 0*f - 2*v - 28 = 0. Suppose 0 = -5*o + 77 + f. List the prime factors of o.
23
Let m(v) = v**3 + 10*v**2 + 8*v - 4. Let c be m(-9). Let n be 5 + -2 + c + 67. Let b = n - 43. List the prime factors of b.
2
Let b(n) = -26*n + 1. List the prime factors of b(-24).
5
Let s(b) = -b**3 - 20*b**2 - b - 22. Let t be s(-20). List the prime factors of (t - -1)*(0 - 45).
3, 5
What are the prime factors of 5/2 - (-110906)/92?
2, 151
Let m(k) = k + 7. Let d be m(-6). Suppose 0 + d = a. List the prime factors of a/(-4) + 776/32.
2, 3
Suppose 19 = -g + 23. Suppose 2*l + l - 219 = -5*d, 0 = -g*d. What are the prime factors of l?
73
Let f(l) = 25*l + 78. List the prime factors of f(7).
11, 23
Suppose -h - 5*b + 428 = 0, 2*b + 1079 = 4*h - 611. List the prime factors of h.
3, 47
Let s(x) = 7*x**2 - 19*x - 12. List the prime factors of s(8).
2, 71
Let x(k) = 2*k**2 - 11*k - 3. Let p(l) = 3*l**2 - 11*l - 4. Let h(b) = -3*p(b) + 4*x(b). Let u be h(-12). What are the prime factors of 45/3*(-32)/u?
2, 5
Suppose 17*q - 5666 = 8818. Suppose 8*f = 5*f + q. What are the prime factors of f?
2, 71
Let n(f) = -f**3 + 3*f**2 - 2*f + 1. Let i be n(3). Let v = i + 21. Suppose -112 = -4*h - 4*a, v = 6*a - 2*a. List the prime factors of h.
2, 3
Let t = -2280 - -3678. List the prime factors of t.
2, 3, 233
Let v be (-6)/39 - (-17428)/52. Suppose 2*z - 729 + 176 = -5*f, v = 3*f - 2*z. What are the prime factors of f?
3, 37
Suppose 5*y = 4*j, 3*y = -4*j - y. Suppose 0*g - 6 = 2*g - 4*m, j = 3*g - 5*m + 5. Suppose 11 = -g*a + 91. List the prime factors of a.
2
Let q(k) = 21 - 5 - 16*k**2 + 8 + 34*k + k**3. What are the prime factors of q(15)?
3, 103
Suppose 25261 = 87*m - 255227. List the prime factors of m.
2, 13, 31
Let r = 541 - 370. Let o = r - 117. What are the prime factors of o/21*84/9?
2, 3
Suppose 7*k - p - 1552 = 4*k, 4*k = -5*p + 2063. Let f = k + -317. List the prime factors of f.
2, 5
Let j = 11 + -9. Suppose -j*b = 2*b + 44. List the prime factors of 0/((-1)/(-1)) - b.
11
Let w(q) = -q**3 + 8*q**2 + 12*q + 13. Let j be w(10). Let r = -41 - j. What are the prime factors of r?
2, 13
Let v = 22 - 10. List the prime factors of (2 + 1)*((-496)/v)/(-4).
31
Let n = 137 - -2619. What are the prime factors of n?
2, 13, 53
Let f(z) = z + 4. Let b be f(0). Suppose -o = b*u + o - 182, 109 = 3*u - 4*o. List the prime factors of u.
43
Suppose 3*b + 2 = v - 10, -2*b - 15 = -3*v. Let q(d) = -d + 22. Let s be q(0). Suppose c = 1, -v*j + s = c - 90. What are the prime factors of j?
37
Suppose -7*t - 1449 = -4*i - 2*t, -i + 2*t = -366. What are the prime factors of i?
2, 89
Suppose 4*k = -4*y + 24, -37 + 9 = -5*k - 4*y. What are the prime factors of k - (653/(-4) + (-1)/(-4))?
167
List the prime factors of 15/(-35) - (-127044)/84.
2, 3, 7
Suppose 129 = -4*r + 33. Let y be 18/(-5)*(-80)/r. List the prime factors of 12/4 + -3 - y.
2, 3
Suppose b + 9*v - 6*v = 93, -3*b + v + 329 = 0. List the prime factors of b.
2, 3
Let s(q) = 10*q**2 - 5*q + 1. Let i be s(1). Let y(d) = d**3 - 10*d + 10. What are the prime factors of y(i)?
2, 83
What are the prime factors of -153*(8 - 490/30)?
3, 5, 17
Suppose